le of 164?
True
Is 127091432 a multiple of 412?
False
Is 941503008 a multiple of 96?
True
Is 326973009 a multiple of 461?
True
Is 796495501 a multiple of 149?
False
Does 740 divide 54087340?
True
Is 31411626 a multiple of 307?
True
Does 12 divide 40368432?
True
Is 1880 a factor of 2390498960?
True
Is 3 a factor of 7946393?
False
Is 4708434906 a multiple of 7398?
True
Does 31 divide 33320877?
True
Is 311444515 a multiple of 397?
True
Does 870 divide 955667160?
True
Is 2397 a factor of 44967720?
True
Does 31 divide 2693028590?
True
Is 939139496 a multiple of 163?
True
Does 173 divide 138512243?
False
Is 261 a factor of 162833202?
True
Is 12077534 a multiple of 794?
True
Is 83674398 a multiple of 1868?
False
Is 16 a factor of 129589335?
False
Does 36 divide 1493776037?
False
Is 3761 a factor of 296221220?
False
Is 606 a factor of 120320770?
False
Is 175756327 a multiple of 4427?
True
Does 517 divide 7874497829?
True
Is 3231 a factor of 1504579657?
False
Does 1118 divide 84371381?
False
Is 117315250 a multiple of 10?
True
Is 14 a factor of 70601734?
True
Does 859 divide 711408611?
False
Is 37 a factor of 840291896?
False
Is 5 a factor of 21745310?
True
Does 4 divide 4667400?
True
Is 543 a factor of 536337830?
False
Is 130619957 a multiple of 403?
True
Is 13 a factor of 409930638?
True
Is 1463 a factor of 328295737?
True
Is 7 a factor of 1408363?
False
Does 1284 divide 455557295?
False
Is 20903316 a multiple of 812?
True
Is 811034749 a multiple of 632?
False
Does 14 divide 12695908?
False
Is 19851661 a multiple of 509?
False
Is 56616803 a multiple of 267?
False
Is 329151436 a multiple of 3082?
True
Does 449 divide 50042771?
False
Is 3229 a factor of 174320794?
True
Is 3256 a factor of 914056880?
True
Is 2962 a factor of 1392646502?
True
Does 12994 divide 3186102812?
True
Is 200 a factor of 1054441?
False
Does 37 divide 9180329?
True
Does 151 divide 59627206?
False
Is 58605116 a multiple of 905?
False
Is 59192958 a multiple of 121?
True
Does 169 divide 327054715?
True
Is 73 a factor of 1206966159?
True
Is 56637378 a multiple of 42?
True
Is 61205506 a multiple of 187?
False
Does 1038 divide 36727554?
True
Does 227 divide 349888039?
True
Is 70 a factor of 37846900?
True
Does 498 divide 31325196?
True
Does 24 divide 18214942?
False
Does 16 divide 48557359?
False
Is 62443397 a multiple of 973?
False
Does 81 divide 33391116?
True
Does 10 divide 1643799340?
True
Does 7446 divide 1749713202?
True
Is 55 a factor of 15410230?
True
Is 162 a factor of 9030528?
True
Is 304996008 a multiple of 552?
True
Does 10 divide 4198270?
True
Does 29 divide 68034551?
True
Does 7 divide 37876073?
False
Is 15005620 a multiple of 28?
True
Does 4236 divide 2560681483?
False
Is 5064796 a multiple of 61?
False
Is 1117261961 a multiple of 160?
False
Does 1015 divide 169178170?
True
Does 1630 divide 710345850?
True
Does 7 divide 576639959?
True
Does 214 divide 112568280?
True
Is 23 a factor of 152049021?
True
Is 96 a factor of 14150115?
False
Is 251 a factor of 33860514?
False
Does 3703 divide 238162148?
True
Does 3889 divide 413050724?
False
Does 679 divide 22526504?
True
Is 11 a factor of 704672441?
True
Is 659111017 a multiple of 489?
False
Is 551182517 a multiple of 4981?
True
Is 46097940 a multiple of 1722?
True
Is 319235607 a multiple of 3044?
False
Is 357859870 a multiple of 1387?
True
Is 83 a factor of 51195209?
False
Does 39 divide 124026825?
True
Is 98 a factor of 941114359?
False
Is 7138222 a multiple of 338?
True
Does 181 divide 108788099?
False
Does 7280 divide 1926164240?
True
Does 12 divide 136466040?
True
Is 246 a factor of 536687376?
True
Does 45 divide 41926467?
False
Does 28 divide 9220391?
False
Is 10058125 a multiple of 1045?
True
Is 339732849 a multiple of 2086?
False
Does 56 divide 2247449624?
True
Is 275062 a multiple of 83?
True
Is 8 a factor of 10271176?
True
Is 9 a factor of 190243026?
True
Does 17 divide 26381382?
True
Does 27 divide 501138621?
False
Is 607 a factor of 25468476?
False
Does 140 divide 855400?
True
Does 826 divide 845826478?
True
Is 3460896 a multiple of 288?
True
Is 885 a factor of 10703532?
False
Is 2262812928 a multiple of 48?
True
Is 1225428480 a multiple of 3?
True
Is 139676939 a multiple of 270?
False
Is 103045464 a multiple of 492?
True
Is 110190120 a multiple of 120?
True
Is 2633 a factor of 1019666998?
False
Is 2 a factor of 3177003?
False
Does 5 divide 10201465?
True
Is 134090471 a multiple of 2?
False
Is 180 a factor of 412740?
True
Is 660 a factor of 5153940?
True
Is 723 a factor of 139218107?
False
Is 416187539 a multiple of 7?
False
Is 124 a factor of 31352284?
True
Does 903 divide 1478592969?
True
Does 421 divide 125428951?
True
Does 280 divide 517764520?
True
Is 390 a factor of 20339280?
True
Is 310 a factor of 715116081?
False
Is 140 a factor of 582438780?
True
Does 1175 divide 40986350?
True
Is 418395840 a multiple of 1984?
True
Does 2237 divide 9789112?
True
Is 14401700 a multiple of 25?
True
Does 1400 divide 1335327507?
False
Is 1008 a factor of 91728?
True
Is 181874615 a multiple of 73?
False
Is 39565166 a multiple of 690?
False
Is 1494642584 a multiple of 142?
True
Is 132 a factor of 181714236?
True
Is 47934674 a multiple of 27?
False
Is 30 a factor of 43893706?
False
Does 28 divide 374106404?
True
Does 134 divide 285647666?
True
Is 128055492 a multiple of 54?
True
Is 34962309 a multiple of 9?
True
Does 515 divide 35724520?
True
Is 182415530 a multiple of 718?
False
Is 22018102 a multiple of 767?
False
Is 62702456 a multiple of 757?
False
Does 834 divide 342899239?
False
Is 145848037 a multiple of 1606?
False
Is 946 a factor of 65160144?
False
Is 97 a factor of 28731206?
True
Is 2274 a factor of 188430462?
True
Is 911 a factor of 555886980?
False
Is 24 a factor of 425218704?
True
Does 1950 divide 603909136?
False
Is 918 a factor of 312946200?
True
Is 775 a factor of 1233533400?
True
Is 58247202 a multiple of 442?
True
Does 24 divide 86765784?
True
Is 833961631 a multiple of 215?
False
Is 269509 a multiple of 6?
False
Does 7 divide 64113875?
True
Is 17755623 a multiple of 3?
True
Does 100 divide 894084926?
False
Does 5 divide 8796482?
False
Does 694 divide 36149756?
False
Does 3 divide 95699317?
False
Is 17 a factor of 1055496?
True
Does 203 divide 1188228?
False
Is 165 a factor of 397387831?
False
Is 114667946 a multiple of 30?
False
Is 903 a factor of 14724464?
False
Is 7634209 a multiple of 1164?
False
Does 39 divide 3980847?
True
Is 6357039 a multiple of 5?
False
Is 7 a factor of 494267691?
False
Is 98185350 a multiple of 2850?
True
Does 145 divide 47809677?
False
Is 38 a factor of 115600408?
True
Is 80971628 a multiple of 291?
False
Does 43 divide 49546972?
False
Is 6 a factor of 10707684?
True
Is 38 a factor of 1089580739?
False
Is 37076600 a multiple of 9?
False
Does 3 divide 240461552?
False
Does 21 divide 845033645?
False
Does 185 divide 36330115?
True
Is 1656 a factor of 1083645000?
True
Is 476025239 a multiple of 2370?
False
Is 163 a factor of 39940458?
False
Does 92 divide 37352368?
True
Is 1595 a factor of 809231225?
True
Is 2137331509 a multiple of 1896?
False
Does 96 divide 1470976320?
True
Does 5 divide 8126207?
False
Is 20107592 a multiple of 49?
False
Does 560 divide 49705040?
True
Is 99 a factor of 400385056?
False
Does 1196 divide 1546620556?
True
Is 314483448 a multiple of 1604?
True
Is 19 a factor of 552957?
True
Does 27 divide 43324872?
False
Is 256 a factor of 25546145?
False
Is 120 a factor of 276046540?
False
Does 1726 divide 10145428?
True
Is 1116 a factor of 2138256?
True
Is 9 a factor of 280227120?
False
Does 211 divide 53395871?
True
Is 14 a factor of 26633264?
True
Is 64896975 a multiple of 495?
True
Does 29 divide 11498215?
False
Is 123211907 a multiple of 19?
False
Is 12 a factor of 3928292?
False
Is 135837480 a multiple of 328?
False
Is 12 a factor of 169348872?
True
Is 25616364 a multiple of 288?
False
Is 152946793 a multiple of 12?
False
Does 7 divide 391993028?
True
Does 76 divide 43826008?
True
Is 4351406301 a multiple of 41?
True
Is 350 a factor of 2200264?
False
Is 2034 a factor of 2659185609?
False
Does 17 divide 267935232?
True
Does 832 divide 27403387?
False
Is 22 a factor of 862461138?
True
Does 28 divide 94665777?
False
Is 119 a factor of 7473914?
True
Is 426760885 a m